7. Give z(-10).
-63
Let n(i) = 35*i**2 + 200*i - 7. Calculate n(-6).
53
Let i(a) = -3*a**3 - 3*a**2 + 2*a + 21. Give i(-3).
69
Let a(b) = -2*b**3 - 7*b - 20. Calculate a(-2).
10
Let x(w) = w**3 - 7*w**2 + 16*w - 20. What is x(6)?
40
Let k(s) = 7*s**3 + 107*s**2 + 31*s + 33. Determine k(-15).
18
Let c(t) = 2*t**3 + 26*t**2 - 36. Give c(-12).
252
Let j(g) = 21*g - 142. Give j(5).
-37
Let g(p) = -15*p**2 - 57*p - 56. Calculate g(-1).
-14
Let d(i) = -i**3 + 30*i**2 - 221*i - 12. Calculate d(17).
-12
Let w(o) = -2*o**2 + 35*o + 24. Calculate w(19).
-33
Let c(l) = 2*l**3 + 49*l**2 + 44*l + 1716. What is c(-25)?
-9
Let j(y) = y**3 + 18*y**2 - y - 3. Determine j(-6).
435
Let v(d) = 2*d**3 + 21*d**2 + 47*d + 14. Give v(-2).
-12
Let q(h) = 4*h**2 - 313*h - 642. What is q(-2)?
0
Let f(b) = 88*b - 30. Calculate f(1).
58
Let p(h) = h**3 + 12*h**2 - 27*h + 275. What is p(-15)?
5
Let z(k) = -2*k**3 + 14*k**2 - 52*k + 264. Give z(6).
24
Let u(y) = -y**2 + 333*y + 3430. Determine u(-10).
0
Let n(o) = -o**2 + 136*o + 5366. What is n(-32)?
-10
Let x(a) = 62*a**2 - 1. Give x(1).
61
Let r(w) = w**3 - 31*w**2 - 77*w + 10. Determine r(-3).
-65
Let w(k) = 35*k - 419. Determine w(-19).
-1084
Let b(q) = 8*q**2 + 323*q - 178. Calculate b(-42).
368
Let w(k) = -18*k - 705. What is w(-37)?
-39
Let l(d) = -30*d + 81. What is l(-11)?
411
Let m(s) = -s**2 + 80*s - 1275. Calculate m(42).
321
Let n(f) = -23*f**3 + 7*f**2 + 4*f - 1. Give n(-1).
25
Let k(v) = -43*v - 364. Calculate k(-10).
66
Let s(j) = 6*j - 107. Calculate s(14).
-23
Let z(r) = -r**3 - 89*r**2 + 77*r - 1157. Give z(-90).
13
Let p(h) = -h**3 + h**2 + 23*h - 12. What is p(5)?
3
Let k(y) = -2*y**2 + 28*y - 150. Calculate k(11).
-84
Let v(g) = 13*g**2 - 153*g + 151. What is v(1)?
11
Let s(w) = -6*w**3 - 13*w**2 - w - 3. Calculate s(-2).
-5
Let l(o) = -652*o + 4586. Calculate l(7).
22
Let a(h) = -1332*h + 37297. Determine a(28).
1
Let f(x) = -616*x - 17285. Determine f(-28).
-37
Let d(k) = 3*k**3 + 80*k**2 - 33*k - 2. Give d(-27).
160
Let w(d) = -2*d**2 + 135*d + 489. Determine w(71).
-8
Let b(r) = 36*r - 841. Give b(24).
23
Let h(z) = z**2 + 10*z + 21. What is h(-3)?
0
Let s(q) = 3*q**2 - 2361*q - 16671. Give s(-7).
3
Let y(r) = 15*r**3 - 362*r**2 + 53*r - 105. Give y(24).
15
Let f(l) = -4*l**2 - 99*l + 1563. What is f(11)?
-10
Let n(l) = 29*l + 186. What is n(-11)?
-133
Let q(o) = 7*o - 192. Give q(32).
32
Let c(t) = -401*t - 54145. Calculate c(-135).
-10
Let l(f) = -13*f**2 - 30*f - 45. What is l(-2)?
-37
Let f(o) = -o**3 - 24*o**2 - 61*o - 4. Calculate f(-21).
-46
Let t(v) = 151*v - 220. Give t(2).
82
Let n(s) = -s**2 - 37*s + 78. Determine n(-36).
114
Let y(v) = -v**2 - 84*v + 337. Give y(4).
-15
Let b(u) = -57*u - 806. Give b(-14).
-8
Let y(n) = 18*n**2 - 38*n + 5. Give y(2).
1
Let g(x) = 29*x + 671. Give g(-27).
-112
Let u(x) = -x + 91. Calculate u(38).
53
Let l(z) = -z**3 + 3*z**2 - 6*z + 3. Give l(9).
-537
Let z(q) = q**3 + 11*q**2 + 21*q - 30. Calculate z(-8).
-6
Let d(b) = 74*b - 243. Calculate d(8).
349
Let i(j) = 162*j - 2600. What is i(14)?
-332
Let t(a) = -15*a + 341. Give t(16).
101
Let a(y) = -1541*y + 1556. What is a(1)?
15
Let h(a) = 15*a**2 - 198*a + 25. Give h(13).
-14
Let c(q) = -188*q + 34587. What is c(184)?
-5
Let c(s) = 54*s**2 - s + 16. What is c(0)?
16
Let g(s) = -457*s - 5513. Determine g(-12).
-29
Let n(x) = 224*x**2 + 900*x + 20. What is n(-4)?
4
Let l(p) = -1284*p - 7768. What is l(-6)?
-64
Let u(p) = -p**3 + 9*p**2 + 18*p - 110. Give u(10).
-30
Let a(i) = 2*i**2 + 45*i + 129. Calculate a(-19).
-4
Let g(q) = -q**3 - 9*q**2 - q - 20. Calculate g(-8).
-76
Let f(g) = -g**3 + 19*g**2 + 108*g - 1754. What is f(20)?
6
Let u(x) = 463*x - 56920. What is u(123)?
29
Let q(m) = 38*m**2 - 23*m - 55. What is q(-2)?
143
Let n(h) = -33*h + 10. Determine n(-2).
76
Let p(h) = 4*h**2 - 11*h - 8. Calculate p(-3).
61
Let g(u) = -3*u**3 - 145*u**2 - 51*u + 113. Calculate g(-48).
257
Let n(c) = -2*c**3 - 49*c**2 - 109*c - 62. Give n(-22).
-84
Let n(u) = -656*u - 76. Calculate n(0).
-76
Let v(u) = -8*u**2 + 24*u - 73. Give v(4).
-105
Let m(q) = -2139*q + 154011. Calculate m(72).
3
Let j(g) = 3*g**3 - 43*g - 5. What is j(-4)?
-25
Let r(q) = 13*q**2 + 62*q + 338. Determine r(-5).
353
Let j(i) = -9*i**2 + 371*i - 108. What is j(41)?
-26
Let y(b) = -b**2 + 37*b - 326. Determine y(19).
16
Let c(m) = -7*m**2 - 404*m - 189. Determine c(-57).
96
Let k(n) = 2*n**3 - 5*n**2 + 6*n + 7. Give k(6).
295
Let m(x) = -x**3 + 2*x**2 + 54*x + 158. Give m(-5).
63
Let m(d) = 42*d + 52. Calculate m(-1).
10
Let i(s) = 2*s**2 - 84*s + 7. What is i(42)?
7
Let f(w) = -189*w + 8515. Determine f(45).
10
Let v(j) = -j**3 - 5*j**2 + 6*j + 24. What is v(-5)?
-6
Let r(y) = -y**2 + 69*y - 1144. Give r(26).
-26
Let k(s) = 3*s**3 + 54*s**2 + 172*s + 10. Calculate k(-4).
-6
Let i(l) = 457*l + 2279. What is i(-5)?
-6
Let y(c) = c**3 + 9*c**2 + 174*c + 938. What is y(-6)?
2
Let v(x) = 41*x**3 + x**2 + 5*x - 6. Give v(1).
41
Let a(j) = -j**3 + 151*j**2 - 1010*j + 13. Give a(7).
-1
Let m(a) = -3*a**3 + 245*a**2 + 64*a + 1489. Determine m(82).
13
Let d(v) = v**2 - 190*v - 8127. Give d(226).
9
Let v(y) = y**3 - 56*y**2 + 33*y + 1211. Determine v(55).
1
Let d(q) = -q**3 + q**2 - 19*q + 8. Calculate d(7).
-419
Let z(j) = -2*j**2 + 26*j - 73. Calculate z(14).
-101
Let s(z) = 74*z + 91. Determine s(3).
313
Let r(h) = h**3 + 11*h**2 + 32*h + 5. Give r(-9).
-121
Let s(t) = 136*t - 50. Determine s(0).
-50
Let f(q) = -q**3 - 3*q**2 + 22*q - 108. Give f(6).
-300
Let l(v) = 376*v - 1509. Give l(4).
-5
Let i(l) = 937*l - 1866. Calculate i(2).
8
Let j(w) = 2*w**2 + 40*w - 36. Calculate j(-20).
-36
Let c(i) = -227*i - 2723. Give c(-12).
1
Let h(u) = -u**3 + 9*u**2 - 2*u - 15. Calculate h(-4).
201
Let m(w) = 306*w + 3823. Calculate m(-13).
-155
Let n(l) = -l**3 + 5*l**2 + 48*l - 247. Determine n(5).
-7
Let g(n) = -n**3 - 23*n**2 - 85*n - 952. Give g(-21).
-49
Let l(y) = 4*y**3 + 56*y**2 + 88. Give l(-14).
88
Let c(l) = 56*l - 816. Give c(15).
24
Let k(u) = 3*u**3 - 43*u**2 - 29*u - 16. Determine k(15).
-1
Let n(v) = -51*v + 1268. Give n(25).
-7
Let i(g) = -19*g - 140. Calculate i(-2).
-102
Let g(o) = 32*o - 12. Determine g(7).
212
Let i(k) = 99*k - 692. Calculate i(7).
1
Let h(y) = -86*y**2 + 6*y - 5. Give h(2).
-337
Let x(h) = 42*h**2 - 18*h + 12. Determine x(3).
336
Let d(b) = b**3 + 14*b**2 - 4*b + 70. Calculate d(-15).
-95
Let b(p) = p**3 - 47*p**2 + 106*p - 586. What is b(45)?
134
Let a(u) = -235*u - 10109. Calculate a(-43).
-4
Let r(l) = -l**2 + 17*l - 12. Determine r(12).
48
Let c(g) = g**2 - 3*g - 297. Calculate c(-16).
7
Let s(k) = -2*k + 33. Give s(-12).
57
Let q(b) = b**3 - 57*b**2 + 134*b + 1517. What is q(54)?
5
Let x(f) = 697*f - 4186. Calculate x(6).
-4
Let r(p) = 32*p + 111. Calculate r(3).
207
Let x(g) = -21*g - 24. What is x(3)?
-87
Let m(l) = l**2 - 190*l - 1152. Determine m(-6).
24
Let q(g) = -15*g - 167. What is q(-11)?
-2
Let d(u) = u**3 + 4*u**2 - 189*u - 571. What is d(-3)?
5
Let s(u) = 39877*u - 39877. Give s(1).
0
Let q(b) = b**2 + 11*b + 32. Calculate q(-4).
4
Let c(h) = 15*h**2 - 120*h - 483. What is c(11)?
12
Let j(n) = 38*n - 107. Determine j(3).
7
Let c(u) = -3*u**2 + 353*u - 7656. Calculate c(89).
-2
Let b(f) = f**2 + 570*f - 19278. Calculate b(32).
-14
Let o(x) = -x**3 - 318*x**2 - 1567*x - 616. Give o(-313).
10
Let l(g) = 30*g - 2607. What is l(87)?
3
Let x(r) = -4*r**2 - 140*r + 102. Calculate x(-37).
-194
Let i(g) = -49*g + 24. What is i(-1)?
73
Let s(b) = 83*b + 503. What is s(-6)?
5
Let l(z) = 2*z**3 - 12*z**2 - 15*z - 24. Give l(8).
112
Let s(n) = 30*n - 65. Determine s(4).
55
Let g(h) = -3*h**3 - 32*h**2 - 12*h - 27. What is g(-11)?
226
Let z(w) = -w**3 + 9*w**2 - 21*w + 27. What is z(7)?
-22
Let q(o) = 2*o**3 + 19*o**2 - 87*o - 779. Determine q(-10).
-9
Let z(s) = 14*s**2 - s - 27. Give z(-5).
328
Let s(d) = -3*d**2 - 141*d - 141. Determine s(-1).
-3
Let i(y) = y**3 + 24*y**2 - 174*y + 244. Calculate i(2).
0
Let r(v) = -v**2 - 52*v + 148. What is r(-55)?
-17
Let t(p) = -p**3 - 13*p**2 + 35*p + 119. What is t(-14)?
-175
Let q(m) = 19*m - 269. Determine q(18).
73
Let o(y) = 705*y + 11995. What is o(-17)?
10
Let q(p) = -3*p**2 + 41*p - 12. Give q(14).
-26
Let k(h) = -h**2 + 68*h - 1165. What is k(35)?
-10
Let i(f) = f**3